 3*x - 3*g - 16. Calculate the highest common factor of x and 279.
31
Let c(p) = -p**2 - 11*p - 17. Let o be c(-17). Let q = -89 - o. Calculate the greatest common factor of 40 and q.
10
Suppose -3*x + 7 - 2 = -5*p, -18 = p - 4*x. Suppose 89 = -10*l + 309. Calculate the greatest common divisor of p and l.
2
Let y be 230/80 - (-1)/8. Let x be 14/(1 - (y - 0)). Let n = x - -8. Calculate the highest common divisor of 11 and n.
1
Let t = 67 + -61. Let w be (-1 + (2 - 1))/(-2). Let h be w - 1/(1/(-66)). Calculate the greatest common factor of t and h.
6
Let w be ((-4)/(24/(-210)))/1. Calculate the highest common factor of w and 14.
7
Let t = -84 + 420. What is the highest common divisor of 14 and t?
14
Let i be (8/18)/(4/18). Suppose -i*b = -6*b - 32. Let v(f) = -f**2 - 9*f + 7. Let z be v(b). Calculate the highest common factor of z and 165.
15
Let a(j) = j**3 - 11*j**2 - 2*j + 98. Let z be a(11). What is the highest common factor of z and 76?
76
Let w(c) = c**3 - 2*c**2 + 2. Let l be w(2). Let b(u) = 3*u + 4. Let a be b(4). Calculate the highest common divisor of a and l.
2
Let u(l) = l**2 - l - 6. Let d be u(5). Let p = 128 - 86. Calculate the greatest common factor of p and d.
14
Let f = 137 + -82. Let x(i) = i**3 - 8*i**2 + 9*i - 9. Let y be x(7). What is the greatest common divisor of y and f?
5
Suppose 0 = -4*j - 3*f + 13 + 156, 2*j - 5*f = 65. Calculate the greatest common divisor of 1300 and j.
20
Let w(i) = -4*i - 36. Let g be w(-10). Suppose -2*l - 30 - 4 = -g*x, -5*l + 58 = 3*x. Calculate the highest common divisor of x and 121.
11
Suppose 2*f + 22 = 14. Let v(p) = -6*p - 20. Let o be v(f). Calculate the highest common divisor of o and 52.
4
Let r(u) = u**2 - 42*u + 424. Let t be r(29). Calculate the greatest common factor of 1927 and t.
47
Suppose i = 3*o + 432, 4*o = -i + 5*o + 438. What is the greatest common factor of i and 27?
9
Let v be (15 + -14)*7/(7/96). What is the highest common divisor of 672 and v?
96
Let c = -28 + 52. Let x be c/(-8) - (81 + 1). Let h = -49 - x. What is the greatest common divisor of h and 12?
12
Let t = -470 - -750. What is the highest common divisor of t and 20?
20
Suppose 0 = -5*f - 4*h, -3*h = 3*f - 2*h. Suppose 0 = -x - f*x + 30. Let z be 2/((-2)/(-2))*6. What is the highest common factor of z and x?
6
Let j = 12 - 3. Suppose -j = -3*z + 30. Suppose -z = 2*x - 77. What is the greatest common factor of x and 48?
16
Let c = -15 - -20. Let y = c - 2. Let t be 1 - (-62 + (0 - y)). Calculate the greatest common factor of 6 and t.
6
Let l(c) = 2*c**3 - 9*c**2 + 4*c - 9. Let d be l(7). Suppose -9 = 3*h - 108. Calculate the highest common divisor of h and d.
33
Let l(a) = -5*a + 11. Let u be l(2). Suppose 12 = -2*k - k. Let w be 11 + (-3 - k - 2). What is the highest common factor of w and u?
1
Let l(t) = t**2 - t + 4. Let r be l(-7). Suppose r = -x + 4*x. Let i be (-10)/(0 - 3/9). Calculate the greatest common factor of i and x.
10
Suppose 2 + 6 = -4*l. Let r be (1 + (13 - -1))*6/10. Let t be r/(36/296) + l. Calculate the greatest common factor of t and 8.
8
Suppose -8*d + 3396 = -3*d - 2*r, 0 = -3*d - 4*r + 2048. What is the greatest common factor of d and 544?
136
Let l be (-11 + 2)/(13/(-52)). Calculate the highest common factor of 12 and l.
12
Suppose 6952 = 825*g - 817*g. Calculate the greatest common divisor of g and 11.
11
Let h be (-2)/(-5) + 2766/(-15). Let s = h - -382. Let f be (7/(-3))/(56/(-528)). What is the highest common factor of f and s?
22
Let v(g) = g**3 - 30*g**2 - 40*g - 49. Let i be v(33). What is the greatest common divisor of 26 and i?
26
Let q be (-16)/(-7) + 4/(-14). Let t be (1/(2/(-16)))/(3/(-9)). Suppose q*o - 13 + 98 = 5*g, -g = o - t. Calculate the greatest common factor of 76 and g.
19
Suppose -4*s + p + 25 = 5, 4*s = -4*p + 20. Let d = 219 + -127. Suppose 0 = -s*l - 27 + d. Calculate the highest common factor of 117 and l.
13
Let y(c) = -c**2 - 9*c - 18. Let m be y(-5). Suppose -3*k - 4*k = -154. What is the highest common divisor of k and m?
2
Suppose -4*n + 2*p = -22, 14 = 4*n + 3*p + 7. Suppose -3*w - 21 = l - 4*l, 2*w + 18 = n*l. What is the greatest common divisor of l and 2?
2
Let q(j) = 467*j**3 - 81*j**3 - 2 + 2*j**2 - 24*j + 25*j. Let m be q(1). What is the highest common factor of m and 43?
43
Let z be (1*-6 + 164/41)/(7/(-77)). Suppose 275 - 825 = -5*s. Calculate the greatest common factor of s and z.
22
Let r(m) = 2*m**3 + 21*m**2 - 17*m - 4. Let j be r(-11). Calculate the greatest common factor of j and 2.
2
Let z(r) = r**2 + 17*r - 262. Let w be z(14). Calculate the greatest common divisor of w and 215.
43
Let a = -414 - -459. Let m be 0 + 5 - (2 + 0). Suppose -5*i + 25 = 4*d, i - m*d - 2*d - 5 = 0. Calculate the greatest common factor of a and i.
5
Let m = -75 + 153. Let q = m - -13. What is the highest common factor of 13 and q?
13
Suppose -4*a - 97 = -3*w - 0*a, 2*a + 8 = 0. Suppose -w = -3*t + 45. Calculate the greatest common divisor of 48 and t.
24
Suppose x + 7 = -r + 3*x, -4*x + 29 = 3*r. Let h = -18 + 21. Suppose -h*g + 4 + 32 = 0. Calculate the highest common divisor of r and g.
3
Suppose 2*g - 7 = 3*t, g = -2*t + 5*t + 2. Suppose g*x - 7 = -2. What is the greatest common factor of 7 and x?
1
Let z(r) = r**2 - 93. Let u(x) = -x**2 + 2*x - 1. Let a be u(1). Let f be z(a). Let l = -13 - f. Calculate the highest common divisor of l and 32.
16
Let z(x) = 4*x**2 + 31*x + 20. Let s be z(-9). What is the greatest common factor of 5 and s?
5
Let o = 37 - 34. Let b(h) = 27*h**2 + 3*h - 3. Let w be b(1). Calculate the highest common divisor of o and w.
3
Let w be 6/(-2) - 1032/(-6). Calculate the highest common factor of w and 26.
13
Let g = 127 - 79. Suppose -5*s + 30 = -2*d, 0*d - 2*d = 0. What is the highest common divisor of g and s?
6
Let v = 16 + -3. Suppose 0 = 3*y - v - 5. Suppose -6*w + 240 = -w. Calculate the greatest common divisor of y and w.
6
Let d = -1226 + 1434. What is the highest common divisor of d and 260?
52
Let q be 115/25 - (-4)/10. Suppose -b + 10 = q. Suppose b*h + 12 = 2*h, a = -5*h - 16. What is the highest common factor of 2 and a?
2
Suppose -2*r - 8 + 80 = 0. Let l be (-4)/6*7/((-7)/r). Calculate the greatest common divisor of l and 24.
24
Let n(c) = -c + 64. Let f be n(-15). Suppose 49 + f = 4*r. Calculate the highest common factor of r and 352.
32
Suppose 5*n - 822 = p + 2833, 1462 = 2*n + 2*p. Calculate the greatest common divisor of 43 and n.
43
Suppose -5*c + 10*c - 15 = 0. Suppose -364 = -c*n - 49. What is the greatest common factor of n and 15?
15
Let m be (-13)/(468/(-784)) - (-12)/54. What is the highest common divisor of 22 and m?
22
Let i = 126 + -104. Let o(b) = b**2 - b. Let z be o(2). What is the greatest common divisor of z and i?
2
Let x be 3/(-9) - ((-25)/(-15) - 4). Let b(k) = -k**3 + k**2 + k + 1. Let r be b(-1). What is the highest common factor of r and x?
2
Suppose -56 = -2*b - 4*m + 18, -69 = -2*b + m. Suppose 89*z = 84*z + b. What is the greatest common divisor of z and 56?
7
Suppose 0*k = k - 92. Let x = k + -87. Calculate the highest common factor of x and 35.
5
Suppose -2*v + 68 = -4*a, 3*v + a - 37 = 58. Let l = 1586 - 1570. What is the greatest common factor of v and l?
16
Let p be (8*-5)/(-1 - 1). Let y be ((-4)/(-5))/(984/(-200) + 5). Calculate the greatest common factor of p and y.
10
Suppose 4*j - 3*r = 507, 6*r + 124 = j + 8*r. Calculate the greatest common factor of j and 48.
6
Suppose 5*h = -5*n + 25, h - 9 = -9*n + 6*n. What is the greatest common divisor of h and 83?
1
Let n = 1381 + -1269. Calculate the greatest common factor of n and 80.
16
Let g = 545 + -510. Calculate the highest common factor of 490 and g.
35
Let v(l) = -165*l - 84. Let y be v(-5). Calculate the highest common divisor of y and 39.
39
Let x(u) = -20*u - 88. Let p be x(-8). Calculate the greatest common factor of 99 and p.
9
Suppose -5 = 5*j - 130. Let k = 5 - 38. Let c = k - -38. Calculate the highest common factor of c and j.
5
Suppose -2*f = -10, 3*f = 5*a - 22 - 163. Let k = 60 - a. What is the highest common factor of k and 160?
20
Suppose 0 = -0*p + 7*p - 224. Let r = 4 - 2. Let q be -1 + r + -3 - -6. What is the highest common factor of p and q?
4
Let n = -194 + 234. Calculate the highest common factor of 250 and 